{"id":33,"date":"2024-11-15T21:22:56","date_gmt":"2024-11-15T21:22:56","guid":{"rendered":"http:\/\/indivelo.327506.de.hosting.internet1.de\/?page_id=33"},"modified":"2024-11-17T20:08:13","modified_gmt":"2024-11-17T20:08:13","slug":"home","status":"publish","type":"page","link":"https:\/\/indivelo.327506.de.hosting.internet1.de\/","title":{"rendered":"Home"},"content":{"rendered":"\n<p class=\".page .entry-header {       display: none; }\">Ausgew\u00e4hlte Fahrradartikel aus der Hauptstadt.<\/p>\n\n\n\n<div class=\"wp-block-query is-layout-flow wp-block-query-is-layout-flow\"><ul class=\"wp-block-post-template is-layout-flow wp-block-post-template-is-layout-flow\"><li class=\"wp-block-post post-42 post type-post status-publish format-standard has-post-thumbnail hentry category-lifestyle\">\n\n<div class=\"wp-block-columns alignwide is-layout-flex wp-container-core-columns-is-layout-9d6595d7 wp-block-columns-is-layout-flex\">\n<div class=\"wp-block-column is-layout-flow wp-block-column-is-layout-flow\" style=\"flex-basis:40%\"><figure style=\"aspect-ratio:auto;width:195px;height:200px;\" class=\"alignright wp-block-post-featured-image\"><a href=\"https:\/\/indivelo.327506.de.hosting.internet1.de\/index.php\/2024\/11\/16\/varta-batterien-aa-wiederaufladbar-4-stuck-recycled\/\" target=\"_self\"  style=\"height:200px\"><img loading=\"lazy\" decoding=\"async\" width=\"300\" height=\"450\" src=\"https:\/\/indivelo.327506.de.hosting.internet1.de\/wp-content\/uploads\/2024\/11\/varta.jpg\" class=\"attachment-post-thumbnail size-post-thumbnail wp-post-image\" alt=\"VARTA Batterien AA, wiederaufladbar, 4 St\u00fcck, Recycled\" style=\"width:100%;height:100%;object-fit:cover;\" \/><\/a><\/figure><\/div>\n\n\n\n<div class=\"wp-block-column is-layout-flow wp-block-column-is-layout-flow\" style=\"flex-basis:33.33%\"><h2 class=\"wp-block-post-title\"><a href=\"https:\/\/indivelo.327506.de.hosting.internet1.de\/index.php\/2024\/11\/16\/varta-batterien-aa-wiederaufladbar-4-stuck-recycled\/\" target=\"_self\" >VARTA Batterien AA, wiederaufladbar, 4 St\u00fcck, Recycled<\/a><\/h2>\n\n<div class=\"wp-block-post-excerpt\"><p class=\"wp-block-post-excerpt__excerpt\">Dein Beitrag zur Umwelt https:\/\/amzn.to\/3USB4wJ <\/p><\/div><\/div>\n<\/div>\n\n<\/li><li class=\"wp-block-post post-15 post type-post status-publish format-standard has-post-thumbnail hentry category-rad tag-schwalbe-reifen-marathon-plus\">\n\n<div class=\"wp-block-columns alignwide is-layout-flex wp-container-core-columns-is-layout-9d6595d7 wp-block-columns-is-layout-flex\">\n<div class=\"wp-block-column is-layout-flow wp-block-column-is-layout-flow\" style=\"flex-basis:40%\"><figure style=\"aspect-ratio:auto;width:195px;height:200px;\" class=\"alignright wp-block-post-featured-image\"><a href=\"https:\/\/indivelo.327506.de.hosting.internet1.de\/index.php\/2024\/11\/15\/schwalbe_reifen_marathon_plus\/\" target=\"_self\"  style=\"height:200px\"><img loading=\"lazy\" decoding=\"async\" width=\"200\" height=\"195\" src=\"https:\/\/indivelo.327506.de.hosting.internet1.de\/wp-content\/uploads\/2024\/11\/SchwalbeMarathonPlus28.jpg\" class=\"attachment-post-thumbnail size-post-thumbnail wp-post-image\" alt=\"Schwalbe Reifen Marathon Plus\" style=\"width:100%;height:100%;object-fit:cover;\" \/><\/a><\/figure><\/div>\n\n\n\n<div class=\"wp-block-column is-layout-flow wp-block-column-is-layout-flow\" style=\"flex-basis:33.33%\"><h2 class=\"wp-block-post-title\"><a href=\"https:\/\/indivelo.327506.de.hosting.internet1.de\/index.php\/2024\/11\/15\/schwalbe_reifen_marathon_plus\/\" target=\"_self\" >Schwalbe Reifen Marathon Plus<\/a><\/h2>\n\n<div class=\"wp-block-post-excerpt\"><p class=\"wp-block-post-excerpt__excerpt\">Reifen&#8230; https:\/\/amzn.to\/4fw7sh4 <\/p><\/div><\/div>\n<\/div>\n\n<\/li><li class=\"wp-block-post post-1 post type-post status-publish format-standard has-post-thumbnail hentry category-lifestyle\">\n\n<div class=\"wp-block-columns alignwide is-layout-flex wp-container-core-columns-is-layout-9d6595d7 wp-block-columns-is-layout-flex\">\n<div class=\"wp-block-column is-layout-flow wp-block-column-is-layout-flow\" style=\"flex-basis:40%\"><figure style=\"aspect-ratio:auto;width:195px;height:200px;\" class=\"alignright wp-block-post-featured-image\"><a href=\"https:\/\/indivelo.327506.de.hosting.internet1.de\/index.php\/2024\/11\/15\/bulldog_bambus_fur_empfindliche_haut_klingenset\/\" target=\"_self\"  style=\"height:200px\"><img loading=\"lazy\" decoding=\"async\" width=\"200\" height=\"218\" src=\"https:\/\/indivelo.327506.de.hosting.internet1.de\/wp-content\/uploads\/2024\/11\/bulldog.jpg\" class=\"attachment-post-thumbnail size-post-thumbnail wp-post-image\" alt=\"BULLDOG Bambus f\u00fcr empfindliche Haut; Klingenset\" style=\"width:100%;height:100%;object-fit:cover;\" \/><\/a><\/figure><\/div>\n\n\n\n<div class=\"wp-block-column is-layout-flow wp-block-column-is-layout-flow\" style=\"flex-basis:33.33%\"><h2 class=\"wp-block-post-title\"><a href=\"https:\/\/indivelo.327506.de.hosting.internet1.de\/index.php\/2024\/11\/15\/bulldog_bambus_fur_empfindliche_haut_klingenset\/\" target=\"_self\" >BULLDOG Bambus f\u00fcr empfindliche Haut; Klingenset<\/a><\/h2>\n\n<div class=\"wp-block-post-excerpt\"><p class=\"wp-block-post-excerpt__excerpt\">Bei Bulldog ist Nachhaltigkeit kein nachtr\u00e4glicher Gedanke.mRadsportler sind naturverbunden und wir m\u00fcssen unseren Beitrag leisten. Rasierer m\u00fcssen nicht aus Plastik sein und wenn schon nicht die klingen, sollte mindestens die Verpackung recycelt sein. https:\/\/amzn.to\/4ft7czl <\/p><\/div><\/div>\n<\/div>\n\n<\/li><\/ul><\/div>\n","protected":false},"excerpt":{"rendered":"<p>Ausgew\u00e4hlte Fahrradartikel aus der Hauptstadt.<\/p>\n","protected":false},"author":1,"featured_media":0,"parent":0,"menu_order":0,"comment_status":"closed","ping_status":"closed","template":"","meta":{"footnotes":""},"class_list":["post-33","page","type-page","status-publish"],"_links":{"self":[{"href":"https:\/\/indivelo.327506.de.hosting.internet1.de\/index.php\/wp-json\/wp\/v2\/pages\/33","targetHints":{"allow":["GET"]}}],"collection":[{"href":"https:\/\/indivelo.327506.de.hosting.internet1.de\/index.php\/wp-json\/wp\/v2\/pages"}],"about":[{"href":"https:\/\/indivelo.327506.de.hosting.internet1.de\/index.php\/wp-json\/wp\/v2\/types\/page"}],"author":[{"embeddable":true,"href":"https:\/\/indivelo.327506.de.hosting.internet1.de\/index.php\/wp-json\/wp\/v2\/users\/1"}],"replies":[{"embeddable":true,"href":"https:\/\/indivelo.327506.de.hosting.internet1.de\/index.php\/wp-json\/wp\/v2\/comments?post=33"}],"version-history":[{"count":10,"href":"https:\/\/indivelo.327506.de.hosting.internet1.de\/index.php\/wp-json\/wp\/v2\/pages\/33\/revisions"}],"predecessor-version":[{"id":65,"href":"https:\/\/indivelo.327506.de.hosting.internet1.de\/index.php\/wp-json\/wp\/v2\/pages\/33\/revisions\/65"}],"wp:attachment":[{"href":"https:\/\/indivelo.327506.de.hosting.internet1.de\/index.php\/wp-json\/wp\/v2\/media?parent=33"}],"curies":[{"name":"wp","href":"https:\/\/api.w.org\/{rel}","templated":true}]}}